{"id":3261,"date":"2024-12-12T22:00:20","date_gmt":"2024-12-12T21:00:20","guid":{"rendered":"https:\/\/monannuaire-conciergerie.fr\/product\/la-nuit-dor-2\/"},"modified":"2024-12-13T15:25:33","modified_gmt":"2024-12-13T14:25:33","slug":"la-nuit-dor-2","status":"publish","type":"product","link":"https:\/\/monannuaire-conciergerie.fr\/en\/product\/la-nuit-dor-2\/","title":{"rendered":"The Golden Night"},"content":{"rendered":"<p>Marion, Founder and Manager of La Nuit d&#039;Or, concierge service. *<\/p>\n<p>Coordination, rigor, and responsiveness have been the key words throughout my professional career. With diverse professional experiences in agency coordination, as well as as a technical sales representative in a large group, I decided to put my skills to good use at La Nuit d&#039;Or.<\/p>\n<p>Please know that my commitment is to do everything possible to maximize the profitability of your property while maintaining its impeccable condition. I also strive to provide tenants with an experience that fully meets their expectations.<\/p>\n<p>See you soon for a future collaboration!<\/p>","protected":false},"excerpt":{"rendered":"<p>Marion, Fondatrice et g\u00e9rante de La Nuit d&#8217;Or, conciergerie. * Coordination, rigueur et r\u00e9activit\u00e9 ont \u00e9t\u00e9 les ma\u00eetres mots tout au long de ma carri\u00e8re professionnelle. Forte de divers exp\u00e9riences professionnelles dans la coordination d&#8217;agence, ainsi qu&#8217;en tant que technico commerciale dans un grand groupe, j&#8217;ai d\u00e9cid\u00e9 de mettre \u00e0 profit mes comp\u00e9tences au service de La Nuit d&#8217;Or. Sachez que mon engagement est de tout mettre en \u0153uvre afin d&#8217;optimiser la rentabilit\u00e9 de votre h\u00e9bergement tout en pr\u00e9servant son \u00e9tat impeccable. Je veille \u00e9galement \u00e0 offrir aux locataires une exp\u00e9rience qui r\u00e9pond pleinement \u00e0 leurs attentes. A bient\u00f4t pour une future collaboration !<\/p>","protected":false},"featured_media":0,"comment_status":"open","ping_status":"closed","template":"","meta":{"inline_featured_image":false,"slim_seo":{"title":"La Nuit D'Or - Mon annuaire conciergerie","description":"Marion, Fondatrice et g\u00e9rante de La Nuit d'Or, conciergerie. * Coordination, rigueur et r\u00e9activit\u00e9 ont \u00e9t\u00e9 les ma\u00eetres mots tout au long de ma carri\u00e8re professi"},"_slim_seo_primary_term_product_brand":0,"_slim_seo_primary_term_product_cat":0,"_slim_seo_primary_term_product_tag":0},"product_brand":[],"product_cat":[21],"product_tag":[],"class_list":["post-3261","product","type-product","status-publish","product_cat-listeo-booking","first","instock","downloadable","virtual","sold-individually","purchasable","product-type-listing_booking"],"jetpack_sharing_enabled":true,"_links":{"self":[{"href":"https:\/\/monannuaire-conciergerie.fr\/en\/wp-json\/wp\/v2\/product\/3261","targetHints":{"allow":["GET"]}}],"collection":[{"href":"https:\/\/monannuaire-conciergerie.fr\/en\/wp-json\/wp\/v2\/product"}],"about":[{"href":"https:\/\/monannuaire-conciergerie.fr\/en\/wp-json\/wp\/v2\/types\/product"}],"replies":[{"embeddable":true,"href":"https:\/\/monannuaire-conciergerie.fr\/en\/wp-json\/wp\/v2\/comments?post=3261"}],"version-history":[{"count":1,"href":"https:\/\/monannuaire-conciergerie.fr\/en\/wp-json\/wp\/v2\/product\/3261\/revisions"}],"predecessor-version":[{"id":3264,"href":"https:\/\/monannuaire-conciergerie.fr\/en\/wp-json\/wp\/v2\/product\/3261\/revisions\/3264"}],"wp:attachment":[{"href":"https:\/\/monannuaire-conciergerie.fr\/en\/wp-json\/wp\/v2\/media?parent=3261"}],"wp:term":[{"taxonomy":"product_brand","embeddable":true,"href":"https:\/\/monannuaire-conciergerie.fr\/en\/wp-json\/wp\/v2\/product_brand?post=3261"},{"taxonomy":"product_cat","embeddable":true,"href":"https:\/\/monannuaire-conciergerie.fr\/en\/wp-json\/wp\/v2\/product_cat?post=3261"},{"taxonomy":"product_tag","embeddable":true,"href":"https:\/\/monannuaire-conciergerie.fr\/en\/wp-json\/wp\/v2\/product_tag?post=3261"}],"curies":[{"name":"wp","href":"https:\/\/api.w.org\/{rel}","templated":true}]}}

<p>Marion, Fondatrice et gérante de La Nuit d&#8217;Or, conciergerie. * Coordination, rigueur et réactivité ont été les maîtres mots tout au long de ma carrière professionnelle. Forte de divers expériences professionnelles dans la coordination d&#8217;agence, ainsi qu&#8217;en tant que technico commerciale dans un grand groupe, j&#8217;ai décidé de mettre à profit mes compétences au service de La Nuit d&#8217;Or. Sachez que mon engagement est de tout mettre en œuvre afin d&#8217;optimiser la rentabilité de votre hébergement tout en préservant son état impeccable. Je veille également à offrir aux locataires une expérience qui répond pleinement à leurs attentes. A bientôt pour une future collaboration !</p>

Marion, Fondatrice et gérante de La Nuit d'Or, conciergerie. * Coordination, rigueur et réactivité ont été les maîtres mots tout au long de ma carrière professi
